(-11)?
28
Let t(i) = 208*i**2 - 16*i - 54. Give t(-2).
810
Let w(k) = -18157*k - 37149219. Determine w(-2046).
3
Let u(d) = 5187*d + 5191. Determine u(-1).
4
Let v(x) = -51*x + 4038. Give v(75).
213
Let x(m) = -3957*m + 2843. Calculate x(1).
-1114
Let g(r) = -567*r + 198996. Give g(350).
546
Let s(g) = g**2 + 478*g - 1031. Calculate s(2).
-71
Let t(i) = -i**3 - 257*i**2 - 3580*i + 12161. Determine t(-242).
61
Let d(u) = -2*u**3 + 79*u**2 - 319*u + 10939. Determine d(39).
19
Let f(o) = -2*o**3 + 35*o**2 + 17*o - 185. Determine f(17).
393
Let r(o) = -12471*o - 12449. What is r(-1)?
22
Let l(n) = n**3 + 12250*n**2 + 195746*n + 32. What is l(-16)?
0
Let k(n) = 2483*n + 201135. Give k(-81).
12
Let f(i) = -675*i + 9163. Give f(10).
2413
Let y(o) = -1568*o - 12543. Determine y(-8).
1
Let q(k) = k**3 - 47*k**2 - 210*k - 610. What is q(50)?
-3610
Let k(f) = -11348*f - 136193. Calculate k(-12).
-17
Let j(s) = s**3 + 19*s**2 + 4*s - 375. Calculate j(-17).
135
Let l(o) = -34*o**2 - 833*o - 5104. Determine l(-12).
-4
Let a(f) = -6*f**2 - 69*f + 22. What is a(2)?
-140
Let m(i) = 3640*i - 3257. Give m(1).
383
Let a(h) = 5*h**3 + 373*h**2 - 468*h - 50982. Give a(-74).
78
Let m(i) = -481367*i + 10590100. Calculate m(22).
26
Let r(o) = 78*o**3 - 5*o**2 - 301*o - 298. Determine r(-1).
-80
Let f(u) = 13*u**2 - 132*u + 1018. What is f(5)?
683
Let j(b) = 118*b - 9182. What is j(77)?
-96
Let f(h) = 149*h**3 + 11*h**2 + 48*h - 132. What is f(3)?
4134
Let s(a) = a**3 + 25*a**2 + 10*a - 865. Calculate s(-23).
-37
Let d(r) = 5*r**3 - 561*r**2 + 11557*r + 133. What is d(85)?
-122
Let d(j) = 451*j - 6917. Determine d(18).
1201
Let t(q) = 177*q + 6950. Determine t(-37).
401
Let k(i) = -31*i**2 + 834*i - 5480. Give k(12).
64
Let d(p) = 27*p**2 - 413*p - 1818. Determine d(-4).
266
Let z(q) = q**3 - 41*q**2 + 672*q + 4515. Determine z(-5).
5
Let s(u) = -u**3 - u**2 - 3151*u - 2. Give s(0).
-2
Let t(f) = f**2 + 46*f - 923. Give t(40).
2517
Let r(y) = 5*y**2 - 333*y - 1738. Determine r(70).
-548
Let p(m) = 5*m**2 - 582*m + 15619. Determine p(42).
-5
Let x(g) = 35*g**2 - 85*g - 152. What is x(-2)?
158
Let m(k) = -7907*k + 197669. Determine m(25).
-6
Let l(g) = -49*g**2 - 12926*g + 12926. Determine l(1).
-49
Let p(z) = 10096*z + 37864. Calculate p(-4).
-2520
Let h(y) = y**2 + 2016*y - 20164. Give h(10).
96
Let j(l) = 16*l**2 - 91*l + 185. Give j(3).
56
Let w(l) = l**3 + 28*l**2 + 106*l + 199. What is w(-24)?
-41
Let t(a) = 486*a - 3606. Determine t(4).
-1662
Let g(a) = a**3 - 69*a**2 - 121*a - 1706. Determine g(71).
-215
Let y(n) = 46*n**2 - 99*n - 2243. Calculate y(8).
-91
Let j(u) = -u**2 - 780*u - 7208. Give j(-9).
-269
Let c(o) = 77*o**2 - 23911*o - 11194. Determine c(311).
2
Let i(c) = 14493*c**2 - 58021*c + 183. What is i(4)?
-13
Let s(f) = -84*f**2 + 3179*f + 272. Determine s(38).
-222
Let d(j) = -1591*j - 12217. Determine d(-8).
511
Let j(i) = -1123*i - 414363. What is j(-369)?
24
Let t(r) = -2223*r**2 - 44486*r - 520. Determine t(-20).
0
Let m(s) = s**3 + 118*s**2 - 128*s - 975. Calculate m(-119).
96
Let n(w) = 40*w**3 + 143*w**2 - 563*w + 105. Give n(-6).
-9
Let i(n) = -n**2 + 43*n + 1229. Give i(63).
-31
Let j(u) = -u**2 + 386*u + 10586. Calculate j(-26).
-126
Let s(m) = -m**2 + 3242*m + 1132299. Give s(-318).
219
Let s(g) = 2*g**3 + 53*g**2 - 3661*g - 93405. What is s(-25)?
-5
Let w(p) = 814*p + 11387. What is w(-14)?
-9
Let d(g) = -12*g**3 - 3*g**2 + 29*g - 105. Determine d(5).
-1535
Let i(q) = -154202*q + 154211. What is i(1)?
9
Let w(u) = -u**2 + 2491*u + 622876. Determine w(-229).
-4
Let w(z) = 173*z + 4569. Determine w(-27).
-102
Let r(u) = -36*u**3 - 93*u**2 + 280*u + 2. Calculate r(3).
-967
Let g(f) = -32*f + 642. Determine g(-71).
2914
Let n(u) = -u**3 - 82*u**2 + 445*u + 255. Calculate n(-87).
-615
Let z(n) = -7106*n - 56891. Determine z(-8).
-43
Let u(s) = 50371*s + 504125. Calculate u(-10).
415
Let a(y) = 851*y**2 - 113*y - 113. Give a(-1).
851
Let s(t) = -3047*t**3 + 91394*t**2 + 479*t + 32. What is s(30)?
2
Let s(v) = -249*v - 3885. Give s(-16).
99
Let g(x) = 15*x**3 + 734*x**2 - 38*x + 854. Determine g(-49).
315
Let i(o) = o**3 - 61*o**2 + 117*o + 330. Determine i(59).
271
Let v(y) = -y**3 - 22*y**2 - 31*y + 816. What is v(-10)?
-74
Let o(f) = 255*f**2 + 4819*f - 58. Give o(-19).
436
Let n(f) = -3264*f + 7106. Calculate n(2).
578
Let p(c) = 95266*c + 5430162. What is p(-57)?
0
Let k(c) = c**3 + 436*c + 1808. What is k(-4)?
0
Let y(m) = 3*m**2 + 1244*m - 12671. What is y(10)?
69
Let g(m) = 17*m**3 + 4950*m**2 + 873*m + 17. What is g(-291)?
17
Let m(s) = -s**3 + 134*s**2 + 977*s - 596. Give m(141).
-2006
Let x(q) = -q**3 - 18*q**2 - 82*q - 407. Determine x(-14).
-43
Let m(f) = f**3 - 4*f**2 + 159*f - 1376. Give m(8).
152
Let o(t) = 263760*t + 7912815. What is o(-30)?
15
Let u(y) = 30*y**3 - 84*y**2 - 13*y - 12. Determine u(3).
3
Let o(u) = 31551*u - 63552. Give o(2).
-450
Let l(w) = -w**2 - 67*w - 4. Determine l(11).
-862
Let p(b) = 3137757*b. Calculate p(0).
0
Let k(v) = 3*v**3 - 39*v**2 + 174*v - 337. What is k(7)?
-1
Let x(h) = -16933*h + 33860. Calculate x(2).
-6
Let g(o) = 7455*o + 90481. Determine g(-12).
1021
Let p(m) = m**3 + 13*m**2 + 10*m - 120. Determine p(-5).
30
Let d(k) = k**3 + 298*k**2 + 1430*k - 10235. Determine d(-293).
20
Let c(w) = 258*w**2 + 14439*w - 687. Calculate c(-56).
-183
Let h(g) = g**2 - 102*g - 860449. Determine h(-878).
-9
Let u(j) = -331*j**2 + 16885*j - 213. Calculate u(51).
-9
Let w(u) = -u**2 - 5640*u - 151548. What is w(-27)?
3
Let m(j) = -91561*j - 19502493. What is m(-213)?
0
Let l(w) = -12476*w - 374102. Determine l(-30).
178
Let m(u) = -u**3 + 531*u**2 + 2018*u - 790517. What is m(532)?
35
Let t(d) = d**3 - 171*d**2 + 2067*d - 111. Calculate t(158).
1943
Let k(d) = 6*d**2 - 28603*d - 487994. What is k(-17)?
-9
Let m(o) = o**3 + 53*o**2 - 342*o + 11. Calculate m(0).
11
Let q(d) = 1224732*d - 28168839. What is q(23)?
-3
Let t(b) = 225*b + 2512. Determine t(-11).
37
Let p(o) = -1228*o - 21897. Calculate p(-18).
207
Let n(o) = -794*o - 118306. What is n(-149)?
0
Let k(a) = -3256*a + 472168. Give k(145).
48
Let h(m) = -2*m**3 - 35*m**2 - 378*m - 870. Determine h(-6).
570
Let c(b) = -2*b**3 + 17*b**2 + 191*b + 117. Determine c(-6).
15
Let l(k) = -7915*k + 8564026. Give l(1082).
-4
Let y(b) = -b**3 + 90*b**2 + 202*b - 10093. Give y(91).
8
Let z(s) = 3*s**2 + 17*s - 1678. Calculate z(-27).
50
Let z(s) = -913*s**2 - 5492*s - 8. What is z(-6)?
76
Let x(z) = -9060*z - 18374. Give x(-2).
-254
Let z(t) = -5*t**2 + 653*t - 9191. Calculate z(16).
-23
Let q(m) = 3*m**3 - 52*m**2 + 109*m - 723. Determine q(16).
-3
Let s(q) = 613*q - 7214. Determine s(13).
755
Let d(q) = q**3 - 419*q**2 + 5663*q + 2842. What is d(405)?
7
Let h(a) = 1223*a - 313147. Determine h(256).
-59
Let n(y) = -y**2 + 1745*y + 325546. Calculate n(-170).
-4
Let o(v) = -v**2 + 4902*v - 2332556. What is o(534)?
-44
Let p(g) = -g**3 - 366*g**2 + 25126*g + 21673. Give p(-425).
-2
Let b(p) = -2*p**2 + 857*p + 15125. Calculate b(-17).
-22
Let v(c) = 2*c**3 + 15*c**2 - 901. Calculate v(-12).
-2197
Let o(p) = -2*p**2 + 234*p - 3333. Determine o(14).
-449
Let n(j) = -1126*j + 33027. What is n(29)?
373
Let g(o) = -o**3 - 8*o**2 - 2323*o - 16166. Calculate g(-7).
46
Let p(s) = -2138*s + 290347. Determine p(136).
-421
Let k(a) = 5073970*a + 10147937. Determine k(-2).
-3
Let q(x) = 9943*x + 437486. What is q(-44)?
-6
Let q(s) = s**2 + 2663*s + 314841. What is q(-124)?
5
Let x(o) = -3*o**2 + 182*o - 3673. Give x(19).
-1298
Let g(i) = -2*i**3 - 43*i**2 + 27*i - 248. Determine g(0).
-248
Let h(m) = 5*m**2 - 222*m - 936. Give h(49).
191
Let g(l) = 15072*l - 1627780. Determine g(108).
-4
Let p(t) = -36*t**2 - 7744*t + 7742. Calculate p(1).
-38
Let i(b) = 70*b**2 + 673*b - 302. Calculate i(-10).
-32
Let k(h) = 12*h**2 - 24284*h + 24283. What is k(1)?
11
Let f(b) = 16782*b - 100135. Calculate f(6).
557
Let o(g) = 441*g - 96321. What is o(218)?
-183
Let q(g) = g**3 + 189*g**2 + 1101*g + 80. What is q(-183)?
-469
Let i(o) = -3*o**2 - 146*o + 13479. Determine i(47).
-10
Let l(n) = 2043*n + 10274. Give l(-5).
59
Let r(a) = 3*a**2 + 193*a - 1109. Calculate r(6).
157
Let j(t) = -3384*t + 44029. Determine j(13).
37
Let v(a) = -11*a**3 - 17*a**2 + 10*a + 326. Give v(5).
-1424
Let q(m) =